/5).
2, 13, 19
Let i = 19 - 16. Suppose i*r = 6*r + 195. List the prime factors of 0 - (3 + -3) - r.
5, 13
Suppose 9*c - 10 = 8. List the prime factors of -3 + 129 + -3 + c.
5
Let d = -6195 - -17730. What are the prime factors of d?
3, 5, 769
Let w(k) = -k**2 + 2*k - 1. Let a be w(-4). Let y = a - -28. Suppose -n + 236 = 3*q, y*q + 2*q - 2*n - 397 = 0. List the prime factors of q.
79
Let j = 513 + -571. List the prime factors of (((-3546)/(-5))/(-3))/(j/145).
3, 197
Let a(s) = -s**2 + 11*s. Let i be a(10). Let o be ((-3)/(-4))/((i/8)/5). Suppose 4*p = 5*g + 89 + 155, o*g = -3*p + 183. List the prime factors of p.
61
Suppose -1176 = 9*t - t. Let p = -145 - t. Suppose -2002 = -p*b - 11*b. List the prime factors of b.
2, 7, 11
Let w = 44 - -10. Let u = w - 127. List the prime factors of -2 + (2 - (0 + u)).
73
Let c(b) = -b**2 - 14*b - 22. Let x be c(-12). Suppose -x*u + 3 = -3. Suppose -5*j = -3*z - 26, j + 0*z - 16 = -u*z. What are the prime factors of j?
7
Suppose 194 - 23 = -3*p. What are the prime factors of 56/(-20)*p*5?
2, 3, 7, 19
Suppose -c + 1809 = 4*v - 3*v, 3*c - 1805 = -v. Suppose -6*i + 5*i + v = 5*h, -2 = -2*i. What are the prime factors of h?
2, 181
Let p(i) = 18*i**2 - 219*i + 4. List the prime factors of p(-20).
2, 181
Suppose 10324 - 3148 = 4*r. What are the prime factors of r?
2, 3, 13, 23
Suppose -3*p + p = -120. Let f be (46/(-6))/((-5)/p). Let k = 2 + f. What are the prime factors of k?
2, 47
Suppose -3*i = 3*j - 7*i - 154244, 4*i - 205640 = -4*j. List the prime factors of j.
2, 12853
What are the prime factors of (-3166075)/(-88) + 13/(-104)?
2, 17989
Let k(g) = 2*g**2 - 14*g + 47. Let j = 332 + -311. What are the prime factors of k(j)?
5, 127
Let w be ((-44)/8)/11 - 38/4. Let j = w + 0. What are the prime factors of -136*((-4)/18 + j/36)?
2, 17
Let l(t) = -t**2 + 1. Let k(x) = 4*x**2 - 40*x. Let u(m) = k(m) + 2*l(m). Let w be u(20). Suppose -11*z + 1980 = -w*z. List the prime factors of z.
2, 5, 11
Let h(t) = -2605*t - 2831. What are the prime factors of h(-12)?
28429
Let y(g) = 2*g**3 - 11*g**2 - 3*g - 18. Let w(s) = -3*s**3 + 23*s**2 + 5*s + 36. Let d(p) = 3*w(p) + 5*y(p). What are the prime factors of d(-6)?
2, 3, 17
Suppose -5*h + 260 = 8*h. Suppose 470 = h*l - 19*l. What are the prime factors of l?
2, 5, 47
Let n be (2318/4)/((-1434)/144 + 10). List the prime factors of (-49)/14 + n/8.
5, 347
Suppose -2*z - 14 = -3*h, 4*h - 5*z + 12 = -10*z. Suppose -4*a = h*q - 5*a - 426, a = -q + 216. What are the prime factors of q?
2, 107
Suppose -158 = 12*t - 854. Suppose a - t = 83. List the prime factors of a.
3, 47
Suppose -5*f - 101 = -891. Suppose 0 = -5*s + 22 + f. Suppose 5*w - 24 = s. What are the prime factors of w?
2, 3
Suppose -5*v - 5*l = -77570, -3*v = 1059*l - 1055*l - 46546. What are the prime factors of v?
2, 3, 5, 11, 47
Let k be ((-6)/9)/((-50)/519375). Suppose 5*y + 3*n = k, -1408 = -4*y - 2*n + 4132. List the prime factors of y.
5, 277
Let r(p) = p**2 - p - 4. Suppose 3*f - o + 5*o = -6, -5*f + o + 13 = 0. Let z be r(f). What are the prime factors of (-58 - -18)*(z - (-1 + 1))?
2, 5
Let o(r) be the second derivative of r**4/12 + r**3/2 + r**2 - 8*r. Let b be o(-1). Suppose p = -b*w + 3*w - 77, 0 = 4*p - 4. What are the prime factors of w?
2, 13
Let i = 19608 + -13171. What are the prime factors of i?
41, 157
Suppose 0 = -251*t + 262*t + 11. Suppose -13 = -2*b + 19. What are the prime factors of 44 + b - (t + 0)?
61
What are the prime factors of 5057 + 7/49*-7?
2, 79
Suppose 0 = 3*l + 12, -5*d + 72*l = 74*l - 32517. What are the prime factors of d?
5, 1301
Let h = -24841 + 81101. List the prime factors of h.
2, 5, 29, 97
Let l = -45 - -137. Let u = -59 + l. Let c = u - 3. What are the prime factors of c?
2, 3, 5
Let v(c) = 54*c**2 + 8*c - 18. Let w be v(-4). Suppose -w + 8044 = 15*a. List the prime factors of a.
2, 241
Let x(f) = -274*f + 184. What are the prime factors of x(-9)?
2, 5, 53
Suppose -v = -8*v + 5*v. Suppose v = 18*u - 23*u + 755. List the prime factors of u.
151
Let j(h) be the second derivative of h**5/20 + 3*h**4/2 + 2*h**3 - 15*h**2/2 - 16*h. Let d(x) = 19*x + 2. Let b be d(-1). What are the prime factors of j(b)?
2, 5, 7
Let d be 0 + 0/(0 - 2). Suppose -50*j = 4*j - 270. Suppose a - 6 = 3*o + 65, d = j*o + 10. What are the prime factors of a?
5, 13
Suppose 0 = 3*y + n - 52328, 2*y - 53*n + 60*n - 34879 = 0. List the prime factors of y.
17443
Let r = 8996 + -520. List the prime factors of r.
2, 13, 163
Let z(k) = -11*k**3 + 114*k**2 - 188*k + 77. Let u(j) = -4*j**3 + 39*j**2 - 63*j + 26. Let q(w) = -8*u(w) + 3*z(w). List the prime factors of q(26).
3, 389
Let y(v) = -45*v**2 + 3*v. Let l be y(2). Suppose 49*u = -4233 - 1745. Let r = u - l. List the prime factors of r.
2, 13
Let i be 27/(-12) - (5 + 17/(-4)). List the prime factors of (i + -101)/((-26)/91).
2, 7, 13
Let k(v) = -v**2 + 6*v - 5. Let r be k(2). Let p be (r/(-5))/((-11)/165). Suppose c + 3 = p. What are the prime factors of c?
2, 3
Let w = -5877 + 7559. What are the prime factors of w?
2, 29
Suppose 3831*k - 3887*k = -1005984. List the prime factors of k.
2, 3, 499
Let m(z) = z**2 - 12*z + 23. Let u be m(10). Let w(r) = 25*r**u + 5*r - 30*r**3 + 7 + r - 5*r**2 - 4*r. List the prime factors of w(-4).
239
Let t = -211 - -215. What are the prime factors of t*1 - (-397 + 43)?
2, 179
Let c(s) = 80*s**3 + 2*s - 1. Let t = -10 + 6. Let k be (-1)/(108/(-132) - t/(-22)). List the prime factors of c(k).
3
What are the prime factors of (-1842026)/(-24) + 32/12 + (-30)/40?
76753
Suppose 4*s = 33 - 1. Let m be ((-102)/s)/(5/(-4) - -1). Let t = 80 - m. List the prime factors of t.
29
Let d = -35919 + 94154. What are the prime factors of d?
5, 19, 613
Suppose 0 = 2*p - 5*f + 34 - 19, -4*p + 2*f = -10. List the prime factors of (p/(-10))/(4/(-4856)).
607
Let w = -231 + 578. Let f = w - 196. What are the prime factors of f?
151
Let p(j) be the first derivative of -43/2*j**2 - 2*j - 31. List the prime factors of p(-1).
41
Let r(o) = o**3 + 2*o**2 - o + 86. Suppose 0 = -9*j + 12*j. Let s be r(j). Let f = s - 42. List the prime factors of f.
2, 11
Let a(b) = 8*b**2 + 6*b. Let f be a(6). Suppose -1164 + f = 15*c. What are the prime factors of (1 - 696/(-21)) + 8/c?
2, 17
Suppose 25*l - 27*l = -5136. Suppose 21*g + l = 24*g. List the prime factors of g.
2, 107
What are the prime factors of -1551*(-4 - -5)/((-2)/22)?
3, 11, 47
Suppose 116*z - 122*z + 1152 = 0. Suppose 3*w - 406 = -2*d, d + w - 9 = z. What are the prime factors of d?
197
Suppose 2*z = 5*n - 39889, 134*n - 135*n + 4*z + 8003 = 0. List the prime factors of n.
5, 11, 29
Let c(j) = j**2 + 7*j - 44. Suppose 13*b - 70 = 307. Let s = -16 + b. List the prime factors of c(s).
2, 3
Let z = -50 + 47. List the prime factors of (1/(-1) - -4)*(-191)/z.
191
Let p = -26 + 28. Suppose -185 = p*g - 697. List the prime factors of g.
2
Let m(h) = 20*h**2 - 21*h + 824. List the prime factors of m(19).
5, 11, 139
Suppose -46*j - 50*j = 23*j - 2518992. What are the prime factors of j?
2, 3, 7
Let f(j) = j**3 + 10*j**2 - 12*j - 13. Let n = 10 + -21. Let o be f(n). What are the prime factors of (18/(-3))/o - -96?
3, 11
Let g(u) = -77*u - 71. Let t be g(-33). Suppose 2542 = -7*s - t. List the prime factors of (12/24)/((-2)/s).
179
Let r be -1 + 2 + -1 + (-20945)/71. List the prime factors of (r/5)/(3 - (-19)/(-6)).
2, 3, 59
Suppose r + 4*b - 83 = 0, -2*b - 209 - 206 = -5*r. Let a = -170 + r. Let c = 154 + a. What are the prime factors of c?
67
Let q(w) = 44*w**2 - 2 + 2 - 6 + 3 - w + 9*w. List the prime factors of q(-2).
157
Suppose -r + 3 = -f + 4, -r = -2*f + 3. Suppose f*j = w + 2 + 15, 0 = -j + 1. What are the prime factors of 5*-4*w/12?
5
Let z = 115 - -594. List the prime factors of z.
709
Let s(l) = 20*l**2 + 9*l + 60. List the prime factors of s(-13).
3323
List the prime factors of (-23 + 1704 - -17)/(8/6 + -1).
2, 3, 283
Suppose -147*z + 17770168 = 295*z. What are the prime factors of z?
2, 19, 23
Let i(d) = -115 - 80 - 6*d + 13*d + 72. What are the prime factors of i(29)?
2, 5
Let p be ((-2)/4)/(3/138). Suppose -2*h = 4*q - 218, h - 3*q = 3*h - 221. Let k = h + p. What are the prime factors of k?
2, 23
Let w(l) = -821*l - 1354. What are the prime factors of w(-36)?
2, 59, 239
Suppose -21*q + 2*q = 10